z be -2 - ((2 - 2) + -2). Suppose z*x - 2*x = -26. What are the prime factors of x?
13
Let v = 174 + -27. What are the prime factors of v?
3, 7
Let g be (4 + 16)*(0 - 2). Let y = -58 - g. Let n = -10 - y. What are the prime factors of n?
2
Let b(n) = n**3 - 2*n**2 - n. Let u be (5 + 1)*1/3. Let c be (-1)/((-1)/u) + 1. What are the prime factors of b(c)?
2, 3
Let o(v) = v**3 + 7*v**2 + 3*v - 8. Suppose 4*d - 4*y + 40 = 0, d - 6 = -5*y + 8. What are the prime factors of o(d)?
2, 5
Suppose 5*l - 249 = -44. List the prime factors of l.
41
Let b = -2 - -6. Suppose 30 = 3*s - 2*w, 5*s - b*s - 14 = 2*w. What are the prime factors of s?
2
Let z(y) = -y**3 - y + 2. Let x be z(-3). Let c(g) = -10*g - 1. Let v be c(2). Let o = x + v. What are the prime factors of o?
11
Suppose 0 = 3*a + 2*a + 3*n - 14, 2*a - 3*n = 14. Suppose 2*v = -3*z + 38, a*v - 20 = -v. List the prime factors of -2*(z/(-4) - 2).
3
Let c(z) be the first derivative of z**4/4 + 3*z + 7. Let b(k) = k. Let v be b(0). List the prime factors of c(v).
3
Let p(w) = -w**2 - 6*w - 2. List the prime factors of p(-5).
3
Let j(t) = -5*t**3 - 18*t**2 - 4*t - 20. Let x(f) = 2*f**3 + 6*f**2 + f + 7. Let r(q) = 3*j(q) + 8*x(q). What are the prime factors of r(7)?
17
Let q = 4 - 2. Suppose 0 = 5*k - 0*k, -45 = -3*y - q*k. What are the prime factors of y?
3, 5
Suppose -2*d - 3*d - 4*v = -128, -5*d - 3*v = -126. What are the prime factors of d?
2, 3
Suppose 52 + 8 = 5*z. Let v = 20 - z. List the prime factors of v.
2
Suppose 0 = -3*l - 2*l + 10. Let g(w) = -w**3 - w**2 + w + 1. Let a(p) = 2*p**3 - 2*p - 1. Let r(c) = 2*a(c) + 2*g(c). What are the prime factors of r(l)?
2
Suppose 7*r - 11*r = -192. List the prime factors of r.
2, 3
Let j(t) = -12*t - t**3 + 2*t + 4*t**2 + 4 + 7*t. List the prime factors of j(3).
2
Let i(h) = -h**3 - 4*h**2 - 5*h - 3. Let y be i(-3). Suppose -v - y*j + 6 = 0, 4*j = -4*v - 0*j + 24. Let u = 18 - v. What are the prime factors of u?
2, 3
Suppose 0*m - 3*m = -1764. List the prime factors of m/16 - (-1)/4.
37
Suppose -p + 159 = 2*s, -2*p = s - 141 - 162. List the prime factors of p.
149
Let z = 32 + -74. Let k = z + 86. Let o = k - 29. List the prime factors of o.
3, 5
Suppose -4*k + b + 27 = k, 10 = -5*b. Suppose 0 = -k*o - q + 20, 0 = -o + 4*q - q + 4. What are the prime factors of o?
2
Suppose -v + 18 = i, 4*v + v = 5*i - 90. What are the prime factors of i?
2, 3
Let f = -43 - 10. Let r = f + 106. List the prime factors of r.
53
Let l = -73 + 116. Let j = 76 - l. List the prime factors of j.
3, 11
Suppose 4*b = 2*b + 4*x + 2, 2 = 2*b + 3*x. Let a be (4 - 15) + (2 - b). List the prime factors of 16/(-10)*a/4.
2
Let s(u) = 8*u - 4. Let r be s(3). Suppose -5*l + 0*l = -5*z - 25, 4*z = 2*l - r. Suppose 5*v - 19 - 11 = l. What are the prime factors of v?
2, 3
Let c(x) = x**3 - 3*x**2 - 7*x - 6. List the prime factors of c(6).
2, 3, 5
Let l(r) be the second derivative of r**4/12 - r**3/6 + r. Let y be l(-1). What are the prime factors of (3/y)/(3/8)?
2
Suppose 19 = 4*v + 7. What are the prime factors of v?
3
Let v = 151 - 40. What are the prime factors of v?
3, 37
Let h = 2 - -2. Suppose 17 = -h*m + 5, -2*w = -5*m - 21. What are the prime factors of w?
3
Let c be (-5)/(-5) - 12/(-2). Suppose 0 = 3*y - c*y + 60. What are the prime factors of y?
3, 5
Let v = 12 + -6. Let u = v + -2. Suppose -5 = -u*w + 3. What are the prime factors of w?
2
Let l(y) = 3*y - 2. Let d be l(2). Suppose -f = -d*f + 60. What are the prime factors of f?
2, 5
Suppose d - 4*l - 4 = -7, d - 13 = -4*l. Suppose -2*u = 4*m + 4, -d*m - u = 4*u. What are the prime factors of -1*4*(-6 - m)?
2
Let q = -40 + 69. What are the prime factors of q?
29
Let q = 120 - 51. Let g = q - 37. List the prime factors of g.
2
Suppose 0 = w + 1, -4*w = g + g + 8. Let y be g/(-3)*(-3)/1. Let p(o) = -8*o - 2. What are the prime factors of p(y)?
2, 7
Let w = 7 - 12. Let l(k) = k + 5. Let x be l(w). Suppose 4*b + 16 = 0, 3*v + 0*v + 3*b - 30 = x. What are the prime factors of v?
2, 7
Suppose 0 = 5*p - p + 36. List the prime factors of p*4/(-6) + -2.
2
Let t(x) = -6*x**3 + x**2 - 2*x + 1. Let p be t(1). Let a = -4 - p. Suppose -4*c - a*d - 2*d = -60, -d = 4*c - 66. List the prime factors of c.
17
Suppose 0 = -23*x + 1689 - 332. List the prime factors of x.
59
Let u(f) = 5*f**3 - 4*f**2 + 2*f + 2. List the prime factors of u(2).
2, 3, 5
Suppose -6*v = -v - 15. Suppose q = v*y - 0*y + 9, 17 = 3*q + y. What are the prime factors of q?
2, 3
Let w = 22 + -8. Let d(o) = -4*o - 5. Let k be d(4). What are the prime factors of (-57)/k + 4/w?
3
Suppose 2*v = 396 + 98. What are the prime factors of v?
13, 19
Let q = 108 - 77. List the prime factors of q.
31
Suppose -185 = -3*x - 2*j, j - 4*j = 2*x - 125. What are the prime factors of x?
61
Let s(r) = 8*r**2 - r + 2. What are the prime factors of s(-2)?
2, 3
Let m(l) = -l - 1. Let n be m(-7). Let p(f) = f**2 - f. Let j be p(-1). Suppose -2*y + n = -j. List the prime factors of y.
2
Suppose r + 8 = -3*y - 0*r, -4*y + 3*r = 15. Let g(k) = k**3 + 3*k**2 - 2*k + 2. List the prime factors of g(y).
2
Suppose 0 = -3*u - 4*a - 8 - 63, -u = 4*a + 21. Suppose 5*z + 57 = -8. Let l = z - u. What are the prime factors of l?
2, 3
Suppose -t = -5*l + 12 + 15, -24 = 4*t + l. Let o = t + 12. Let d = -1 + o. List the prime factors of d.
2
Let t = -351 - -535. List the prime factors of t.
2, 23
Suppose 6*d - 60 = 3*d. Let v = 29 - d. What are the prime factors of v?
3
Let a = -22 - -21. What are the prime factors of 1351/28 + a/4?
2, 3
Suppose -s = -2*s + 64. What are the prime factors of s?
2
Suppose 0 = -0*h + 11*h - 275. What are the prime factors of h?
5
Let u(y) = -y**3 + y + y - y + y**2 + 10. Let f be u(0). What are the prime factors of (-2 - f/(-6))*-9?
3
Suppose 0 = -5*m - 25, 4*q - 3*m + 17 = 156. Suppose 2*n - q = -3. List the prime factors of 4/n + 12/7.
2
Let g = -2 + -2. Let n = -2 - g. Let v = n + 2. What are the prime factors of v?
2
Suppose -15*v = -25*v + 3420. List the prime factors of v.
2, 3, 19
Let c = 34 + 0. Let i = c - 2. Suppose -2*h = -h - 4*k + 12, 5*h - i = -3*k. List the prime factors of h.
2
Let v(f) = f**3 + 9*f**2 - f + 4. List the prime factors of v(-5).
109
Let o be 4/((0 - 2)/(-2)). Suppose 3*g = -x + 16, -o*x - 3*g - 2*g = -43. List the prime factors of x.
7
Suppose -2*z = -6 - 8. What are the prime factors of z?
7
Let w = 245 + -166. What are the prime factors of w?
79
Suppose -4*o - 156 = -632. List the prime factors of o.
7, 17
Suppose 3*u - 2*u = -5*x + 94, -5*x - 2*u = -93. Suppose n - x = 3. List the prime factors of n.
2, 11
Suppose -19*v + 18*v = -3. Suppose -3*n + 39 = v*m - n, 3 = -n. List the prime factors of m.
3, 5
List the prime factors of (2 - (-6 - -4)) + 6.
2, 5
Let c be (-176)/(-10) + 6/(-10). Suppose 2*g + c = 2*x + 7*g, -g = 3*x - 45. List the prime factors of x.
2
Let t = 198 - 137. Let x = 101 - t. What are the prime factors of x?
2, 5
What are the prime factors of ((-860)/(-7 + 5))/2?
5, 43
Suppose -2*f + 0*f - 32 = 0. Let j = -42 - f. List the prime factors of 2/6 - j/3.
3
What are the prime factors of (-222)/(-1) - ((1 - 6) + 5)?
2, 3, 37
Let p(f) = -f**3 - 6*f**2 + 2*f + 3. Let u be p(-6). Let k = -5 - u. What are the prime factors of 2/((8/9)/k)?
3
Suppose -5*i - 5*s + 5 = 0, -6*i - 45 = -i - 5*s. Let t = i - -9. Suppose -g + t*w + 0*w + 13 = 0, -w = -4*g + 14. What are the prime factors of g?
3
Suppose -12 = -3*w + 2*w + 2*n, -5*w - 4*n + 130 = 0. Suppose j = -3*y + w, -j - 3*y + 98 = 4*j. What are the prime factors of j?
19
Let u = 172 - 104. Suppose -3*i = -7*i - u. Let d = -9 - i. List the prime factors of d.
2
Let f = -14 + 59. What are the prime factors of f?
3, 5
Let v = 12 - 8. Suppose -2 = v*f - 22. List the prime factors of f.
5
List the prime factors of 460/12 + 1/(-3).
2, 19
Let i be 0 + (5 - (-9)/(-3)). Suppose 0 = -i*q - q + 54. What are the prime factors of q?
2, 3
Let b = 1 + 3. Suppose -6 = -2*s + 2*h, -b*s + 5*h + 3 = -3*s. List the prime factors of s.
3
Let k be ((-2)/(-4))/((-3)/54). Let z = 19 + -10. List the prime factors of z/2*(-6)/k.
3
What are the prime factors of (-126)/24 + 6 + (-18)/(-8)?
3
Let g be (47 + -1)*4/8. Suppose -4*w - 7 + g = 0. Suppose 0 = t + w*t - 65. What are the prime factors of t?
13
Let q = 88 - 45. What